of n(-3)?
4
Suppose -47 = -4*s - n + 26, -5*s + n + 98 = 0. What is the tens digit of s?
1
Suppose 0 = 2*d - 10 + 2. Let a = d + 2. What is the units digit of a?
6
Suppose -4*i + 4*f + 548 = 0, i - 528 = -3*i - f. What is the tens digit of i?
3
Let b(p) = -2 - 2 + 9*p + p**2 - 2. Let w be b(-11). Suppose 4*f - w = -0*f. What is the units digit of f?
4
Let b be (-1 + 2)/1*51. What is the tens digit of 2/(2 + -1) + b?
5
Suppose 22 - 8 = 2*f - 5*w, 0 = -w - 2. Suppose v = -f*v + 75. Suppose 0 = -0*q - 5*q + v. What is the units digit of q?
5
Let v(g) = g**2 + g + 1. Let x be v(-4). Let h = x + 0. Let f = 20 - h. What is the units digit of f?
7
Suppose -532 = -6*z + 4*z + 2*w, 3*z - 2*w = 802. Suppose -z + 54 = -4*j. Suppose -18 + j = 3*b. What is the tens digit of b?
1
Suppose -5*i - 3*t + 57 = -42, -i + t = -15. What is the tens digit of i?
1
Let c(w) = -3*w - 16. What is the tens digit of c(-11)?
1
Suppose 25 + 135 = 5*j. What is the tens digit of j?
3
What is the hundreds digit of (-582)/(-4) + (-50)/(-20)?
1
Suppose -2*a - 5*d = 5, 2*d = -2*a + 3*a - 11. Let t be (a*-3 + 2)*-1. What is the units digit of -3 + (1 - -1) + t?
2
Let n = 6 - 6. Suppose n = 2*a - 7*a + 145. What is the tens digit of a?
2
Let t(i) = 5*i + 6. Let m be t(10). Suppose 4*r - 7*r - 2*y + 42 = 0, 5*y = 4*r - m. What is the tens digit of r?
1
Let u be (-41)/(-1)*(0 + 1). Suppose 0 = -2*t - 3 + u. What is the tens digit of t?
1
Suppose 0 = 5*d - 5*c - 40, d + 21 = 4*d - 2*c. What is the units digit of d + 1 + 5 + -5?
6
Suppose 2*d = -3*u - 0*u + 40, 5*d - u - 117 = 0. Let c be (-5)/2*(9 - 5). Let t = c + d. What is the tens digit of t?
1
Suppose 8 = m + 18. What is the units digit of (4/m)/((-1)/35)?
4
Let q be 1/(-4) - (-30)/(-8). Let l = -55 + 65. Let y = q + l. What is the units digit of y?
6
Let p be (-6)/(-10) + 12/(-20). Suppose 4*o - 7 - 5 = p. Suppose -9 = -k + o. What is the units digit of k?
2
Suppose 0 = k - 2 - 6. Let q(i) = -i - 7. Let p be q(k). Let b = p + 21. What is the units digit of b?
6
Let m(r) = r**2 - r. Let t(o) = -4*o**2 + 5*o + 1. Let p(k) = 9*m(k) + 2*t(k). What is the tens digit of p(3)?
1
Let m = -1 - 0. Let l be -6*(m/2 + -1). Suppose -18 = -3*q + l. What is the units digit of q?
9
Suppose 8*j - 4*j = 596. What is the units digit of j?
9
Suppose 0 = 3*h - 3*k - 165, k + 295 = -2*h + 7*h. What is the tens digit of h?
6
Let d = 9 - 9. Suppose 5*a - n = -d*n + 33, 3*n = 3*a - 27. What is the units digit of a?
6
What is the tens digit of (-6)/(-18) - (-206)/3?
6
Let s be (1 - 1/(-1)) + 9. Let v = 16 - s. What is the units digit of v?
5
Let v(o) = -3*o**2 - 2*o - 1. Let j(q) = -q**3 + 2*q**2 - 2*q + 3. Let l be j(2). Let i be v(l). Let h(b) = b**2 - b + 1. What is the units digit of h(i)?
7
Let q(o) = o**2 - 6*o - 4. Let y be q(7). Let j(g) = -3 + 7*g**2 - 1 + y. What is the units digit of j(1)?
6
Suppose -3*l + 102 = -0*l - 4*r, 0 = 4*l + 4*r - 136. What is the units digit of l?
4
Let l(b) = b**2 + 3*b - 1. Let w be l(-5). Let c(r) = -r**3 + 10*r**2 - 8*r - 10. Let j be c(w). What is the units digit of 1 + 1 + (-8)/j?
0
Suppose 5*c + 4*q - 32 = 0, c = q - 0 + 1. Let h = -4 + c. Suppose 4*t + 3*y - 16 + 2 = 0, h = -3*t - y + 8. What is the units digit of t?
2
Let v = -13 + 17. What is the units digit of v?
4
Let y be ((-24)/10)/(3/(-40)). Let z(a) = -a - 23. Let o be z(0). Let m = y + o. What is the units digit of m?
9
Let j(d) = d**3 - 7*d**2 + 4*d - 3. Let u be (-6)/4 + (-30)/(-4). Let l be j(u). What is the units digit of (-2)/5 - 51/l?
3
Let q(o) = -24*o**3 + 1. Suppose -3*x - 2*i + 1 = 0, 3*x + 3*i = 8*i - 13. What is the tens digit of q(x)?
2
Let d be 3*((-7)/(-3) + -2). Let t = 19 - -7. Suppose 2*s - l + d - 15 = 0, l - t = -3*s. What is the units digit of s?
8
Let d = -12 - -29. What is the units digit of d?
7
What is the tens digit of ((-54)/15)/(3/(-15))?
1
Let m(f) = f**2 - 10*f + 11. Let w be m(9). Suppose -w = -a + 3*d - 10, 2*a = d + 4. What is the units digit of a?
4
Let u(i) = i**3 - 9*i**2 + 11*i + 6. Let n be u(8). Let l = -19 + n. What is the units digit of l?
1
Let l(a) = a**3 + 9*a**2 + 9*a + 2. Let v be l(-8). What is the units digit of (2 + v)*(-1)/2?
2
Suppose -12 = 2*x - 2. What is the units digit of 1 + x/((-5)/2)?
3
Suppose -2*k = -6*k - 4. Let t(i) = -i**2 + i + 1. Let a be t(k). What is the units digit of 3/(-3)*(a - 0)?
1
Let z(v) = -4*v - 7. Let y(b) = 7*b + 14. Let o(a) = -6*y(a) - 11*z(a). Suppose 21 = 4*f - 3. What is the units digit of o(f)?
5
Suppose -2*p - 2*a + 50 = 0, -a = 2*p - 33 - 17. Suppose -3*q + 14 = -p. Suppose -3*y = -3*d + 24, 2*y - q = -d + 4*y. What is the units digit of d?
3
Suppose 4*b + 268 = 6*i - 5*i, 740 = 3*i + 4*b. What is the hundreds digit of i?
2
Suppose z - 3 = -3*b, -38 = -5*z + z + b. Suppose -6*q = n - 4*q - 5, 2*n + 3*q - z = 0. What is the units digit of n?
3
What is the units digit of (-454)/(-4) + 9/6?
5
What is the units digit of 0 + (-1)/(-2) + 3171/14?
7
Let g = -3 + 6. Let x be 0*g/(9/3). Suppose x = -4*b + b - 4*a + 10, 6 = -3*a. What is the units digit of b?
6
Suppose -61*w + 807 = -58*w. What is the hundreds digit of w?
2
Let w be 1/(3 + 14/(-5)). Suppose a - 52 = 5*g, -3*a - w*g = 2 - 98. What is the tens digit of a?
3
Let k(d) = -6*d - 1. Let h be k(-1). Let f(b) = 2*b - 2 + 0 - h*b + 3. What is the units digit of f(-3)?
0
Suppose j = -2*j. Let a = 22 - 15. Suppose j*k = -k + a. What is the units digit of k?
7
Suppose -7*a - 332 = -11*a. What is the tens digit of a?
8
Let g be (-4)/(-18) + (-4)/18. Let m = 5 - g. Suppose m*t + 0*t - x = 34, 5*t = -3*x + 18. What is the units digit of t?
6
Let a(w) = -5*w**3 + w**2 + 2*w - 5. What is the units digit of a(-3)?
3
Let i(c) = 2*c**3 - 2*c**2 - 2*c + 2. Let g be i(2). Suppose -g = 2*r + r. What is the units digit of (0 + r/(-6))*45?
5
Suppose z = -5*t + 14, t - 4*z = 7 - 0. Suppose t*h - h - 68 = 0. What is the units digit of h?
4
What is the units digit of 135/7 + 7/(147/(-6))?
9
Let l = 18 - -31. What is the tens digit of l?
4
Suppose 8 + 0 = v + 4*u, -3*v + 2*u + 10 = 0. Let w = 40 - 26. Suppose v*x = 46 - w. What is the units digit of x?
8
Let l = 118 - 32. What is the tens digit of l?
8
Suppose 0 = 3*x + 2*o - 50, 0*x - 5*o = 2*x - 37. What is the units digit of x?
6
Suppose 184 = -29*q + 31*q. What is the units digit of q?
2
Suppose -3*m = 4*m - 1400. What is the hundreds digit of m?
2
Let q = -9 + 11. What is the units digit of q?
2
Suppose w = -3*w. Suppose w = 3*l - l. Suppose 0 = -z - l + 4. What is the units digit of z?
4
Let o(h) = h**2 + h + 38. What is the units digit of o(0)?
8
Let t(u) = -5*u**2 - 7*u - 8. Let c(y) = -y**2 - y - 1. Let d(g) = -6*c(g) + t(g). What is the units digit of d(3)?
4
Suppose 22 = 5*w - 3. Suppose -5*k = 3*x - 9, 0*k = 4*k. Suppose -w*m = -2*j + j - x, j = -3*m + 13. What is the units digit of j?
7
Let y(w) = w - 6 + 4 - 1. Let t be y(6). Suppose 2*s + 6 = t*s. What is the units digit of s?
6
Let l = -9 + 15. Let p = l - 1. What is the units digit of p?
5
Suppose 216 = 3*c + c + 4*h, 0 = -2*c + 2*h + 124. What is the units digit of c?
8
Suppose -t + 10 = 2*x, -x - 3 = -6*x + 3*t. Suppose -3*j + 2*j = -x*l - 23, 47 = -3*l - 5*j. Let z = l - -14. What is the units digit of z?
5
Let g = -41 + 23. Let l = 29 + g. What is the tens digit of l?
1
Let l be (-1 + (2 - 0))*0. Suppose -i + 4*i + 2*g + 17 = l, -5*i + 1 = -4*g. Let z(p) = p**2 + 3*p + 4. What is the units digit of z(i)?
4
What is the hundreds digit of -2*(-2)/(-4) - -108?
1
Let y(v) be the second derivative of -v**5/20 + 5*v**3/6 + v**2 + 5*v. What is the tens digit of y(-4)?
4
Suppose -40 - 176 = -4*q + 4*a, 0 = -5*q - 3*a + 310. What is the units digit of q?
9
Let b(j) be the first derivative of j**3/3 + 5*j**2 - 10*j + 1. What is the tens digit of b(-12)?
1
Suppose 2*w - s = -5*s + 338, 4*w = -3*s + 696. What is the units digit of w?
7
Suppose -1 = -5*l + 14. Suppose -6*f - 2*o - 3 = -7*f, l*o = -5*f + 2. What is the units digit of f?
1
Suppose -4*q + 4*h = -552, 42 = q - 3*h - 86. What is the units digit of q?
3
Let i = -7 - -10. Let g be (-2)/3 + (-34)/(-6). Suppose -p + c + g = -2, 0 = 4*p + i*c - 21. What is the units digit of p?
6
Suppose 4*v - 240 = v. Suppose -3*s + v = 2*s. What is the tens digit of s?
1
Suppose 3*g =